{"id":49,"date":"2021-07-08T21:22:50","date_gmt":"2021-07-08T21:22:50","guid":{"rendered":"https:\/\/podcasts.la.utexas.edu\/biblioteca-benson-primeros-100-anos\/?page_id=49"},"modified":"2021-07-14T14:57:40","modified_gmt":"2021-07-14T14:57:40","slug":"la-biblioteca-benson-los-primeros-100-anos","status":"publish","type":"page","link":"https:\/\/podcasts.la.utexas.edu\/biblioteca-benson-primeros-100-anos\/","title":{"rendered":"La Biblioteca Benson: los primeros 100 a\u00f1os"},"content":{"rendered":"\n<p>Un podcast que conmemora el centenario de la Colecci\u00f3n Latinoamericana Nettie Lee Benson<\/p>\n\n\n\n<p>Un siglo. Una biblioteca. Perseverancia, determinaci\u00f3n y, sobre todo, pasi\u00f3n. Estas son algunas de las cualidades que se combinaron en el transcurso de un siglo para crear la Colecci\u00f3n Latinoamericana Nettie Lee Benson, una biblioteca como ninguna otra. La Benson es una de las colecciones sobre Am\u00e9rica Latina y las poblaciones de origen latinoamericano en Estados Unidos m\u00e1s importantes del mundo.\u00a0<em>La Biblioteca Benson: los primeros 100 a\u00f1os<\/em> es una serie de audio dise\u00f1ada para los oyentes interesados en la historia y la cultura de Am\u00e9rica Latina. \u00danase a profesores y bibliotecarios de la Universidad de Texas Austin para explorar la regi\u00f3n a trav\u00e9s de los archivos y libros de la colecci\u00f3n Benson.<\/p>\n\n\n\n<iframe src=\"https:\/\/embed.podcasts.apple.com\/us\/podcast\/la-biblioteca-benson-los-primeros-100-a%C3%B1os\/id1576237319?itsct=podcast_box_player&amp;itscg=30200&amp;ls=1&amp;theme=light\" sandbox=\"allow-forms allow-popups allow-same-origin allow-scripts allow-top-navigation-by-user-activation\" allow=\"autoplay *; encrypted-media *;\" style=\"width: 100%; max-width: 660px; overflow: hidden; border-radius: 10px; background: transparent none repeat scroll 0% 0%;\" height=\"450px\" frameborder=\"0\"><\/iframe>\n","protected":false},"excerpt":{"rendered":"excerpt","protected":false},"author":13,"featured_media":0,"parent":0,"menu_order":0,"comment_status":"closed","ping_status":"closed","template":"","meta":{"_acf_changed":false,"_genesis_hide_title":false,"_genesis_hide_breadcrumbs":false,"_genesis_hide_singular_image":false,"_genesis_hide_footer_widgets":false,"_genesis_custom_body_class":"","_genesis_custom_post_class":"","_genesis_layout":"full-width-content","episode_type":"","audio_file":"","podmotor_file_id":"","podmotor_episode_id":"","cover_image":"","cover_image_id":"","duration":"","filesize":"","filesize_raw":"","date_recorded":"","explicit":"","block":"","itunes_episode_number":"","itunes_title":"","itunes_season_number":"","itunes_episode_type":"","footnotes":""},"class_list":{"0":"post-49","1":"page","2":"type-page","3":"status-publish","5":"entry"},"acf":[],"_links":{"self":[{"href":"https:\/\/podcasts.la.utexas.edu\/biblioteca-benson-primeros-100-anos\/wp-json\/wp\/v2\/pages\/49","targetHints":{"allow":["GET"]}}],"collection":[{"href":"https:\/\/podcasts.la.utexas.edu\/biblioteca-benson-primeros-100-anos\/wp-json\/wp\/v2\/pages"}],"about":[{"href":"https:\/\/podcasts.la.utexas.edu\/biblioteca-benson-primeros-100-anos\/wp-json\/wp\/v2\/types\/page"}],"author":[{"embeddable":true,"href":"https:\/\/podcasts.la.utexas.edu\/biblioteca-benson-primeros-100-anos\/wp-json\/wp\/v2\/users\/13"}],"replies":[{"embeddable":true,"href":"https:\/\/podcasts.la.utexas.edu\/biblioteca-benson-primeros-100-anos\/wp-json\/wp\/v2\/comments?post=49"}],"version-history":[{"count":6,"href":"https:\/\/podcasts.la.utexas.edu\/biblioteca-benson-primeros-100-anos\/wp-json\/wp\/v2\/pages\/49\/revisions"}],"predecessor-version":[{"id":78,"href":"https:\/\/podcasts.la.utexas.edu\/biblioteca-benson-primeros-100-anos\/wp-json\/wp\/v2\/pages\/49\/revisions\/78"}],"wp:attachment":[{"href":"https:\/\/podcasts.la.utexas.edu\/biblioteca-benson-primeros-100-anos\/wp-json\/wp\/v2\/media?parent=49"}],"curies":[{"name":"wp","href":"https:\/\/api.w.org\/{rel}","templated":true}]}}